{"id":2,"date":"2024-03-30T12:17:10","date_gmt":"2024-03-30T12:17:10","guid":{"rendered":"https:\/\/helmklinkhavn.dk\/?page_id=2"},"modified":"2025-07-06T15:41:42","modified_gmt":"2025-07-06T15:41:42","slug":"sample-page","status":"publish","type":"page","link":"https:\/\/helmklinkhavn.dk\/?page_id=2","title":{"rendered":"Helmklink Havn"},"content":{"rendered":"\n<p>Helmklink Havn, en perle ved den vestjyske fjord, indhyller bes\u00f8gende i sin charme. Med sin idylliske beliggenhed udstr\u00e5ler havnen en atmosf\u00e6re af ro og eventyr. Det gyldne sollys danser p\u00e5 vandet, mens fiskerb\u00e5de vugger blidt i havnens sk\u00f8d. Duften af frisk havluft og tang v\u00e6kker sanserne, mens m\u00e5ger kredser elegant over himlen. Her m\u00f8des historie og nutid i harmoni, hvor gamle fiskerhuse m\u00f8der fjordens vand langs kajen. Helm Klink Havn er ikke bare et sted, det er en oplevelse af fred og sk\u00f8nhed ved fjordens rolige b\u00f8lger.<\/p>\n\n\n\n<p><strong>Historien<\/strong><br>Helmklink Havn blev grundlagt i 1910&nbsp;og efterf\u00f8lgende udbygget med nye bassiner og der er opsat bolv\u00e6rk, s\u00e5 der i dag er 99 b\u00e5dpladser. Havnen er den st\u00f8rste fjordhavn ved Nissum Fjord.<\/p>\n\n\n\n<p><strong>Praktisk<\/strong><br>P\u00e5 havnens omr\u00e5de er der 11 fiskerhuse, toiletbygning til fri afbenyttelse for offentligheden og en stor legeplads med mange forskellige legeredskaber som bliver holdt ved lige af omr\u00e5dets beboere. Desuden er der et udvendigt st\u00e5lbord med vand, hvor turister, der har fanget en fisk kan f\u00e5 den renset.<br><br>Mange turister kommer ved Helmklink Havn for at nyde deres medbragte mad og kaffe ved de opstillede borde og b\u00e6nke. Der afholdes hvert \u00e5r Sct. Hans p\u00e5 havnen og m\u00e5ske et kulturelt arrangement som f.eks. harmonikatr\u00e6f.<br><br><strong>G\u00e5tur i omegnen<\/strong><br>Fra Helmklink Havn kan du starte den fantastiske vandrerute Husby Klitplantage Ruten.<br><br><\/p>\n\n\n\n<figure class=\"wp-block-image size-full is-style-default\"><img loading=\"lazy\" decoding=\"async\" width=\"640\" height=\"480\" src=\"https:\/\/helmklinkhavn.dk\/wp-content\/uploads\/2024\/04\/IMG_4228-rotated.jpg\" alt=\"\" class=\"wp-image-9\" srcset=\"https:\/\/helmklinkhavn.dk\/wp-content\/uploads\/2024\/04\/IMG_4228-rotated.jpg 640w, https:\/\/helmklinkhavn.dk\/wp-content\/uploads\/2024\/04\/IMG_4228-300x225.jpg 300w\" sizes=\"auto, (max-width: 640px) 100vw, 640px\" \/><\/figure>\n","protected":false},"excerpt":{"rendered":"<p>Helmklink Havn, en perle ved den vestjyske fjord, indhyller bes\u00f8gende i sin charme. Med sin idylliske beliggenhed udstr\u00e5ler havnen en atmosf\u00e6re af ro og eventyr. Det gyldne sollys danser p\u00e5 vandet, mens fiskerb\u00e5de vugger blidt i havnens sk\u00f8d. Duften af frisk havluft og tang v\u00e6kker sanserne, mens m\u00e5ger kredser elegant over himlen. Her m\u00f8des historie<span class=\"post-excerpt-end\">&hellip;<\/span><\/p>\n<p class=\"more-link\"><a href=\"https:\/\/helmklinkhavn.dk\/?page_id=2\" class=\"themebutton\">Read More<\/a><\/p>\n","protected":false},"author":1,"featured_media":11,"parent":0,"menu_order":1,"comment_status":"closed","ping_status":"closed","template":"","meta":{"footnotes":""},"class_list":["post-2","page","type-page","status-publish","has-post-thumbnail","hentry"],"_links":{"self":[{"href":"https:\/\/helmklinkhavn.dk\/index.php?rest_route=\/wp\/v2\/pages\/2","targetHints":{"allow":["GET"]}}],"collection":[{"href":"https:\/\/helmklinkhavn.dk\/index.php?rest_route=\/wp\/v2\/pages"}],"about":[{"href":"https:\/\/helmklinkhavn.dk\/index.php?rest_route=\/wp\/v2\/types\/page"}],"author":[{"embeddable":true,"href":"https:\/\/helmklinkhavn.dk\/index.php?rest_route=\/wp\/v2\/users\/1"}],"replies":[{"embeddable":true,"href":"https:\/\/helmklinkhavn.dk\/index.php?rest_route=%2Fwp%2Fv2%2Fcomments&post=2"}],"version-history":[{"count":11,"href":"https:\/\/helmklinkhavn.dk\/index.php?rest_route=\/wp\/v2\/pages\/2\/revisions"}],"predecessor-version":[{"id":174,"href":"https:\/\/helmklinkhavn.dk\/index.php?rest_route=\/wp\/v2\/pages\/2\/revisions\/174"}],"wp:featuredmedia":[{"embeddable":true,"href":"https:\/\/helmklinkhavn.dk\/index.php?rest_route=\/wp\/v2\/media\/11"}],"wp:attachment":[{"href":"https:\/\/helmklinkhavn.dk\/index.php?rest_route=%2Fwp%2Fv2%2Fmedia&parent=2"}],"curies":[{"name":"wp","href":"https:\/\/api.w.org\/{rel}","templated":true}]}}